4*r - 237248. Give a(121).
-814
Let i(z) = -12*z**3 + 277*z**2 - 24*z - 17. Give i(23).
-40
Let x(j) = 5*j**3 - 452*j**2 - 275*j + 144. What is x(91)?
-38
Let d(x) = -60*x**2 - 758*x - 752. What is d(-12)?
-296
Let r(p) = 396*p**2 + 7096*p - 569. Determine r(-18).
7
Let j(g) = 61714*g + 370322. Calculate j(-6).
38
Let k(j) = 744*j + 98259. Calculate k(-132).
51
Let m(a) = 3*a**3 - 508*a**2 + 173*a - 746. Calculate m(169).
-70
Let b(d) = -235*d + 24701. Give b(106).
-209
Let k(r) = 2*r**3 + 49*r**2 + 51*r + 472. Calculate k(-24).
-176
Let s(n) = 423330*n - 16086528. What is s(38)?
12
Let f(x) = -4*x**2 - 124*x - 1908. What is f(-17)?
-956
Let b(f) = 2*f**2 - 154*f - 15973. What is b(135)?
-313
Let q(f) = 375096*f - 2250591. Determine q(6).
-15
Let s(a) = 64819*a + 64811. Give s(-1).
-8
Let x(q) = 402*q**2 + 7291*q - 11. Determine x(-18).
-1001
Let o(q) = -2*q**2 - 128*q - 2200. Give o(-39).
-250
Let d(m) = -191152*m - 7072591. Give d(-37).
33
Let z(c) = -c**2 + 736*c + 15118. Give z(-20).
-2
Let v(g) = -2911*g - 76180. Calculate v(-26).
-494
Let u(o) = 4158*o - 1126817. Calculate u(271).
1
Let v(h) = 38*h + 765. What is v(-2)?
689
Let l(h) = 8918*h - 26602. What is l(3)?
152
Let x(i) = -i**2 - 108*i - 425. What is x(-4)?
-9
Let z(d) = -9*d**3 - 8*d**2 + 43*d + 282. What is z(-4)?
558
Let o(d) = -3*d**2 + 332*d + 6224. Give o(127).
1
Let x(f) = f**3 + 3*f**2 + 443*f + 4983. Determine x(-10).
-147
Let s(r) = -3*r**2 + 1833*r + 1784221. Calculate s(-524).
1
Let o(r) = r**2 - 1076*r - 31727. Determine o(-29).
318
Let r(h) = 21*h**2 - 38405*h - 2502865. What is r(-63)?
-1
Let j(y) = 44*y**2 + 1310*y + 1033. Give j(-29).
47
Let f(o) = -o**2 - 20470*o + 204780. Give f(10).
-20
Let x(t) = -t**3 + 6*t**2 + 1643*t - 11455. What is x(7)?
-3
Let h(b) = -9*b**2 + 4922*b + 65531. Give h(-13).
24
Let w(v) = 59*v - 4502. Determine w(98).
1280
Let j(g) = 649*g**2 - 546*g - 6. Calculate j(1).
97
Let m(v) = 2*v**3 - 28*v**2 + 9*v - 180. Calculate m(14).
-54
Let n(p) = -2*p**2 - 1185*p - 175537. Determine n(-295).
-12
Let j(g) = -3*g**2 - 23*g + 4584. Determine j(35).
104
Let b(d) = -d**3 + 2*d**2 + 164*d - 1244. Calculate b(8).
-316
Let w(j) = 3*j**3 + 184*j**2 - 3052*j + 19. Give w(14).
1587
Let o(i) = -4*i**2 + 4079*i - 60371. Calculate o(15).
-86
Let z(x) = -x**2 - 74*x + 7966. Give z(-132).
310
Let t(w) = 2*w**2 + 92*w - 39. What is t(-51)?
471
Let p(m) = -26*m**2 - 365*m - 53. Determine p(-12).
583
Let q(g) = g**3 - 504*g**2 + 62869*g + 2762. Calculate q(277).
-8
Let g(k) = -k**2 - 16426*k - 998363. What is g(-61)?
-98
Let u(c) = -134*c**2 - 85958*c + 44919. Determine u(-642).
-21
Let w(h) = -135*h + 7717. What is w(54)?
427
Let j(v) = v**3 - 53*v**2 - 3068*v + 423. Determine j(-35).
3
Let g(q) = -41*q**2 + 1974*q - 280. Give g(48).
8
Let c(p) = 528*p + 74273. Give c(-143).
-1231
Let y(z) = 1147*z + 122684. Give y(-106).
1102
Let u(a) = 2*a**3 + 356*a**2 + 15177*a - 1219. What is u(-71)?
-12
Let u(o) = -256*o + 2237. Determine u(9).
-67
Let d(z) = -121549*z - 18475447. Calculate d(-152).
1
Let v(w) = 243*w**2 - 151*w + 152. Calculate v(1).
244
Let z(m) = -9*m**3 + 315*m**2 - 1540*m - 154. Calculate z(6).
2
Let i(k) = -35448*k - 35439. Give i(-1).
9
Let j(g) = -352*g + 15149. Give j(42).
365
Let v(w) = 8326*w - 1090693. What is v(131)?
13
Let y(p) = -2*p**2 + 307*p - 10558. Calculate y(35).
-2263
Let h(b) = -2*b**2 + 17*b + 2669. What is h(-24)?
1109
Let c(a) = -916*a + 600365. What is c(655)?
385
Let t(i) = 14*i**2 + 19596*i - 39187. Determine t(2).
61
Let n(l) = 15*l**2 + 26949*l + 80850. Calculate n(-3).
138
Let x(u) = -u**3 - 157*u**2 - 167*u - 1743. Calculate x(-156).
-27
Let p(a) = -2*a**2 + 14*a + 858. Determine p(-24).
-630
Let t(b) = -83*b - 1905. What is t(-23)?
4
Let q(h) = -1340*h**2 - 8032*h + 32. Determine q(-6).
-16
Let y(f) = 250*f + 6884. What is y(-28)?
-116
Let k(s) = -3*s**3 + 110*s**2 + 28*s - 5. What is k(37)?
-338
Let u(y) = -302*y + 4096. Calculate u(13).
170
Let q(l) = 2*l**3 + l**2 - 2480*l - 149. Calculate q(35).
26
Let c(d) = -14*d**3 + 14*d**2 - 42*d - 23. Calculate c(6).
-2795
Let s(y) = 956*y + 10887. Determine s(-11).
371
Let p(r) = 27336*r**2 + 6287279*r - 231. Determine p(-230).
-1
Let f(i) = i**2 + 1002*i + 28171. Give f(-29).
-46
Let f(u) = -u**2 - 440*u + 10689. Determine f(23).
40
Let f(v) = 5*v**2 - 50*v - 946. Calculate f(-24).
3134
Let a(d) = 1866*d + 1955. Give a(-1).
89
Let l(b) = -4*b**2 - 80*b + 4514. What is l(25)?
14
Let b(i) = -523*i**2 - 550*i - 26. Give b(-1).
1
Let j(s) = 60*s**2 + 8399*s + 420. What is j(-140)?
560
Let k(r) = 2694*r + 107789. Determine k(-40).
29
Let r(k) = -358*k**2 + 4295*k + 54. Calculate r(12).
42
Let f(z) = -127*z**3 + 3562*z**2 - 163*z - 136. Give f(28).
4
Let c(p) = -73553*p + 588428. Give c(8).
4
Let t(w) = 11*w**3 + 307*w**2 + 224*w + 7037. Determine t(-28).
-19
Let r(i) = 3*i**2 + 186*i + 2197. Give r(-16).
-11
Let s(l) = l**2 - 15229*l - 36. What is s(0)?
-36
Let s(m) = -3*m**2 - 491969*m + 5412029. What is s(11)?
7
Let y(s) = -s**3 + 59*s**2 + 135*s - 4540. Determine y(60).
-40
Let n(f) = f**3 - 24*f**2 - 1704*f - 63. Calculate n(-31).
-94
Let f(m) = 1368*m + 7123. What is f(-5)?
283
Let t(u) = u**3 + 16*u**2 + 53*u + 25. Calculate t(-9).
115
Let n(y) = 3*y**2 - 501*y + 11588. Determine n(135).
-1372
Let d(y) = -2*y**2 - 971321*y + 3885313. What is d(4)?
-3
Let z(o) = 62548*o - 1063319. Calculate z(17).
-3
Let w(b) = b**3 - b**2 + 550629*b + 1651918. What is w(-3)?
-5
Let a(c) = -571*c - 111283. Give a(-195).
62
Let v(f) = -77874*f - 1323859. Calculate v(-17).
-1
Let s(r) = r**3 + 31*r**2 + 226*r - 211. What is s(-19)?
-173
Let u(l) = -l**2 - 2615*l + 55442. Calculate u(21).
86
Let g(z) = -z**3 + 32*z**2 - 427*z + 8083. What is g(21)?
3967
Let l(f) = -f**2 - 479*f + 40927. What is l(74)?
5
Let v(u) = -u**3 - 57*u**2 - 257*u + 369. Calculate v(-52).
213
Let a(n) = -2826*n**2 - 93*n + 31. What is a(1)?
-2888
Let m(r) = 11*r**2 - 37*r + 241. Give m(7).
521
Let r(j) = -j**2 - 79*j + 499. Give r(6).
-11
Let i(u) = -40839*u + 407844. Calculate i(10).
-546
Let v(i) = 4*i**2 - 26433*i - 52870. Determine v(-2).
12
Let s(u) = 4*u**2 - 1567*u + 10944. Determine s(7).
171
Let y(t) = 15695*t + 502238. Determine y(-32).
-2
Let v(i) = -7*i**3 - 4*i**2 - 105*i - 545. What is v(-5)?
755
Let k(j) = 2*j**3 + 124*j**2 - 162*j - 2172. What is k(-63)?
96
Let g(w) = -164196*w - 328390. Determine g(-2).
2
Let b(p) = 135*p**2 + 789*p - 17. Determine b(-4).
-1013
Let n(y) = -y**2 - 4158*y - 33179. What is n(-8)?
21
Let p(r) = 63*r**2 - 2333*r + 71. Give p(37).
-3
Let v(u) = -82*u**3 + 15*u**2 + 14*u - 1. Give v(-1).
82
Let r(t) = -7*t**2 - 1218*t - 5987. Determine r(-5).
-72
Let k(h) = -348*h + 302. Calculate k(1).
-46
Let j(v) = 2834*v - 405249. Calculate j(143).
13
Let k(f) = 8*f**2 - 30*f - 1168. Determine k(14).
-20
Let y(x) = x**3 + 604*x**2 - 355030*x + 3679. Give y(366).
19
Let r(m) = m**2 + 3171*m - 778629. Calculate r(229).
-29
Let a(m) = -3668*m - 4827083. Calculate a(-1316).
5
Let q(k) = -4*k**3 - 1287*k**2 - 4773*k - 961. What is q(-318)?
-7
Let v(u) = 5209*u - 307335. What is v(59)?
-4
Let g(q) = -q**3 + 940*q**2 - 63288*q - 2592. Determine g(867).
9
Let z(t) = -452*t**2 + 11306*t - 71. Give z(25).
79
Let k(w) = 14*w**3 + 251*w**2 - 3935*w + 368. Give k(-28).
4
Let o(q) = -2543*q - 5276. What is o(-2)?
-190
Let p(i) = -10*i**2 + 4896*i - 391341. What is p(389)?
-7
Let s(t) = -417*t**2 - 243*t - 9. Calculate s(-1).
-183
Let t(b) = -2*b**3 + 90*b**2 - 264*b + 515. Calculate t(42).
11
Let w(f) = -f**2 - 464*f + 8199. Determine w(17).
22
Let f(n) = 3*n**2 - 3974*n + 58773. What is f(15)?
-162
Let q(z) = z**3 - 2*z**2 - 230*z + 894. Calculate q(4).
6
Let z(m) = 16214*m - 35003. Give z(2).
-2575
Let i(k) = 4*k**2 - 194*k - 30031. Determine i(114).
-163
Let i(j) = -5*j**3 - 669*j**2 - 535*j + 335. Determine i(-133).
734
Let m(o) = -2*o**2 + 475*o - 2762. Determine m(6).
16
Let k(g) = 8*g**2 - 122*g + 1764. What is k(16)?
1860
Let s(b) = -33*b**3 - 1190*b**2 - 2380*b + 1. Determine s(-2).
265
Let t(o) = o**3 + 410*o**2 - 87569*o - 935. Calculate t(155).
-5
Let c(n) = 3*n**2 - 128*n - 1310. Calculate c(-10).
270
Let t(s) = 453*s + 37750. Give t(-84).
-302
Let m(q) = 25*q**2 - 1907*q + 608. What i